In base 12, what is 0 + 314?
314
In base 9, what is -1275 - -2?
-1273
In base 15, what is 222 + 2?
224
In base 2, what is -1111 + 111110?
101111
In base 5, what is 10 + 30404?
30414
In base 10, what is 11 - 33?
-22
In base 4, what is -100 - 2?
-102
In base 13, what is -89 - 5c?
-118
In base 14, what is 2 - 3b?
-39
In base 8, what is 3 + -46?
-43
In base 13, what is 3a - -4?
41
In base 14, what is -15 + 4?
-11
In base 7, what is -21 + 10?
-11
In base 10, what is 304 + 2?
306
In base 9, what is -32 + 60?
27
In base 3, what is 10022011 + 10?
10022021
In base 9, what is 2 + -40?
-37
In base 15, what is 2 + c3?
c5
In base 5, what is 20 - -323?
343
In base 9, what is 2 - 1087?
-1085
In base 8, what is 5 - 333?
-326
In base 8, what is -5 - 4647?
-4654
In base 6, what is -2055 - 11?
-2110
In base 9, what is -41 - -8?
-32
In base 15, what is -1 + 286?
285
In base 5, what is 11 - -24231?
24242
In base 2, what is -1100000010111 - 1?
-1100000011000
In base 16, what is 1d9 - 0?
1d9
In base 3, what is -102020 + 211?
-101102
In base 2, what is 100 - -1110010000?
1110010100
In base 6, what is -1 - 205?
-210
In base 4, what is 11 - -211?
222
In base 10, what is 71 - 148?
-77
In base 4, what is 332 - 30?
302
In base 15, what is -5 - c0c?
-c12
In base 9, what is -20 + -630?
-650
In base 3, what is -10 + 120?
110
In base 9, what is 5 - -34?
40
In base 15, what is 4 + 1c?
21
In base 16, what is 309 + -5?
304
In base 4, what is -2010 + -1002?
-3012
In base 7, what is -306 - -1?
-305
In base 9, what is 2 + -61?
-58
In base 4, what is 0 - 12322?
-12322
In base 15, what is 103 - -2?
105
In base 7, what is -1 - -31?
30
In base 13, what is 4 + 15?
19
In base 14, what is c + -33?
-25
In base 12, what is b + -14?
-5
In base 4, what is 111103 + 2?
111111
In base 10, what is 110 - 13?
97
In base 16, what is 18 + 7?
1f
In base 16, what is -3 + 64?
61
In base 13, what is -18 - 2b8?
-303
In base 6, what is -21 + -31?
-52
In base 15, what is -4 + -7a?
-7e
In base 3, what is -1200 + 1?
-1122
In base 3, what is -11 + -101?
-112
In base 7, what is 0 + -1314?
-1314
In base 16, what is -1 + -194?
-195
In base 9, what is 5 + -21?
-15
In base 6, what is -1 + -1231?
-1232
In base 3, what is -1102002 + 1?
-1102001
In base 13, what is -17 - -23?
9
In base 2, what is 100 + 11110?
100010
In base 4, what is -323 - 230?
-1213
In base 6, what is 1 - 1524?
-1523
In base 4, what is -200311 + -1?
-200312
In base 4, what is 12323 + 2?
12331
In base 7, what is 144 + 25?
202
In base 4, what is 10 - -2001?
2011
In base 6, what is -131234 - -4?
-131230
In base 9, what is -2 + -424?
-426
In base 9, what is -4 - -38?
34
In base 14, what is a - -a?
16
In base 3, what is 10 + 202210?
202220
In base 8, what is -5025 + 5?
-5020
In base 7, what is 450 + -26?
421
In base 8, what is 611 - 0?
611
In base 14, what is -c32 - 5?
-c37
In base 15, what is -4 - -938?
934
In base 2, what is 111011010 - -111?
111100001
In base 5, what is -10 + -1444?
-2004
In base 4, what is -13312 + -10?
-13322
In base 12, what is 1 - 12b6?
-12b5
In base 6, what is -5 - -2041?
2032
In base 11, what is 5 - 1?
4
In base 9, what is 384 - -4?
388
In base 14, what is -187 - -5?
-182
In base 2, what is 10011110 + -101?
10011001
In base 5, what is -2 - 122?
-124
In base 15, what is -2 - 4d?
-50
In base 8, what is -263 - 36?
-321
In base 16, what is 0 - -2b?
2b
In base 11, what is 1 + -131?
-130
In base 5, what is -1 - 20303?
-20304
In base 10, what is 431 - 5?
426
In base 10, what is 32 + -14?
18
In base 4, what is 103 - 101110?
-101001
In base 2, what is -10 - -10011?
10001
In base 15, what is -e + -8?
-17
In base 5, what is -2 + 1014?
1012
In base 7, what is -222 - 5?
-230
In base 10, what is 81 + 6?
87
In base 8, what is 151 - 32?
117
In base 11, what is 0 - -11a?
11a
In base 15, what is -2 + 1eb?
1e9
In base 13, what is 2 - 1c?
-1a
In base 12, what is 0 - -2428?
2428
In base 3, what is 1100 + 2?
1102
In base 9, what is -5 + -1856?
-1862
In base 16, what is -3 - 1b?
-1e
In base 9, what is 666 + -13?
653
In base 13, what is -140 + 6?
-137
In base 7, what is 244 + 6?
253
In base 15, what is -25a + 4?
-256
In base 16, what is -9 - -8?
-1
In base 14, what is 48 + -5?
43
In base 2, what is -1 - 11101000100?
-11101000101
In base 8, what is -1 - 573?
-574
In base 2, what is -111 - 10001110?
-10010101
In base 13, what is -3 + 8?
5
In base 10, what is -25 + -70?
-95
In base 7, what is -1 + 23203?
23202
In base 10, what is -77 + 5?
-72
In base 12, what is 16 - 9?
9
In base 6, what is -4 - 1443?
-1451
In base 3, what is -2 - -1110?
1101
In base 12, what is -4 - 72?
-76
In base 12, what is 1891 - 2?
188b
In base 2, what is 10010100101 - -11?
10010101000
In base 3, what is 0 - 201220?
-201220
In base 3, what is -22 + -12201?
-20000
In base 16, what is 1d + 17?
34
In base 9, what is 1 - 77?
-76
In base 6, what is -3001 + -13?
-3014
In base 2, what is -1 + 10010111010?
10010111001
In base 8, what is 214 + 5?
221
In base 13, what is 8 - -36?
41
In base 6, what is -3 - 11001?
-11004
In base 15, what is -7d - 3?
-81
In base 8, what is 0 + -3671?
-3671
In base 8, what is -14 - -3?
-11
In base 6, what is 22 + 12?
34
In base 8, what is -1 - 3032?
-3033
In base 11, what is -97 + 8?
-8a
In base 11, what is -a23 + -5?
-a28
In base 13, what is -9 + -1?
-a
In base 14, what is 747 + -5?
742
In base 13, what is 6 + -33?
-2a
In base 4, what is 2 + 133210?
133212
In base 2, what is 101 + 10011100?
10100001
In base 13, what is c3b + -4?
c37
In base 10, what is 4 - -116?
120
In base 10, what is -180 + 1?
-179
In base 5, what is 1341 - 0?
1341
In base 2, what is 100 - -1001100001?
1001100101
In base 13, what is -4 - 1b14?
-1b18
In base 7, what is 5 - 214?
-206
In base 3, what is -200 + -112?
-1012
In base 16, what is -3f9 - 4?
-3fd
In base 14, what is -538 - -b?
-52b
In base 14, what is -33 + -4?
-37
In base 10, what is 18 - -12?
30
In base 6, what is 1 - 0?
1
In base 14, what is 355a + -1?
3559
In base 16, what is -8 + 11?
9
In base 6, what is -4 - -51?
43
In base 2, what is -111100010 + -11?
-111100101
In base 14, what is -4 - -176?
172
In base 7, what is -2041 - -2?
-2036
In base 10, what is 4 - 37?
-33
In base 10, what is 5 + -1372?
-1367
In base 3, what is 202 + 0?
202
In base 3, what is 20101111 - 11?
20101100
In base 10, what is -23 - 13?
-36
In base 4, what is -12 + -113321?
-113333
In base 9, what is 13662 - 3?
13658
In base 7, what is -5 - -2?
-3
In base 8, what is -31766 - -2?
-31764
In base 14, what is 171 - 39?
136
In base 12, what is a5 + 3?
a8
In base 14, what is 3 + -87?
-84
In base 5, what is -330 - 2?
-332
In base 15, what is -7 - -100?
e8
In base 2, what is -10100001111 + 101?
-10100001010
In base 6, what is -15300 + -5?
-15305
In base 3, what is 0 + -11?
-11
In base 8, what is -224 + 1?
-223
In base 15, what is 0 - 11?
-11
In base 14, what is -84 + 2?
-82
In base 15, what is -7d - 5a?
-d8
In base 16, what is -21 - 9?
-2a
In base 7, what is -52 - -560?
505
In base 9, what is 2083 - -1?
2084
In base 14, what is -5a - -4?
-56
In base 5, what is -14 - -24?
10
In base 12, what is 51a9 - -3?
51b0
In base 6, what is 502 - -23?
525
In base 7, what is 0 - -524?
524
In base 3, what is -1012 - -102?
-210
In base 14, what is -4 + -491?
-495
In base 16, what is 4 - 7be?
-7ba
In base 8, what is 52 - 237?
-165
In base 11, what is 185 - -2?
187
In base 7, what is 3012 + 2?
3014
In base 3, what is 0 - 11201?
-11201
In base 9, what is 46 + -146?
-100
In base 8, what is -1 + 100?
77
In base 5, what is 4 + 202?
211
In base 5, what is 12 + -410?
-343
In base 4, what is -10 - 101?
-111
In base 13, what is 2 - 8?
-6
In base 12, what is 8 + 1252?
125a
In base 5, what is -3102 + 4?
-3043
In base 9, what is 2 + -13207?
-13205
In base 13, what is -72 + -2?
-74
In base 9, what is 105 - -54?
160
In base 8, what is -230 - -7?
-221
In base 8, what is -4 - -13?
7
In base 4, what is 321331 + -2?
321323
In base 2, what is 101 + -11101?
-11000
In base 10, what is -1956 + 1?
-1955
In base 4, what is 11 - -3231?
3302
In base 2, what is 1100010011000 + -101?
1100010010011
In base 10, what is 3366 - 3?
3363
In base 10, what is 662 - 9?
653
In base 8, what is -3 + -12?
-15
In base 12, what is 3 - -21?
24
In base 2, what is -1 - -11000110?
11000101
In base 8, what is -3111 + -1?
-3112
